{"id":80,"date":"2021-03-19T20:14:50","date_gmt":"2021-03-19T19:14:50","guid":{"rendered":"https:\/\/www.schaumannovka.cz\/eshop\/?post_type=product&#038;p=80"},"modified":"2025-06-16T15:29:50","modified_gmt":"2025-06-16T13:29:50","slug":"schaumannovka-krygl-tuplak-1l","status":"publish","type":"product","link":"https:\/\/www.schaumannovka.cz\/eshop\/produkt\/schaumannovka-krygl-tuplak-1l\/","title":{"rendered":"Schaumannovka &#8211; Kr\u00fdgl Tupl\u00e1k 1L"},"content":{"rendered":"<p>Exkluzivn\u00ed sklenice pro milovn\u00edky \u010dast\u00e9 konzumace tekutin v\u011bt\u0161\u00edch objem\u016f \ud83d\ude42<\/p>\n","protected":false},"excerpt":{"rendered":"<p>Exkluzivn\u00ed sklenice pro milovn\u00edky \u010dast\u00e9 konzumace tekutin v\u011bt\u0161\u00edch objem\u016f \ud83d\ude42<\/p>\n","protected":false},"featured_media":66,"comment_status":"closed","ping_status":"closed","template":"","meta":[],"_links":{"self":[{"href":"https:\/\/www.schaumannovka.cz\/eshop\/wp-json\/wp\/v2\/product\/80"}],"collection":[{"href":"https:\/\/www.schaumannovka.cz\/eshop\/wp-json\/wp\/v2\/product"}],"about":[{"href":"https:\/\/www.schaumannovka.cz\/eshop\/wp-json\/wp\/v2\/types\/product"}],"replies":[{"embeddable":true,"href":"https:\/\/www.schaumannovka.cz\/eshop\/wp-json\/wp\/v2\/comments?post=80"}],"wp:featuredmedia":[{"embeddable":true,"href":"https:\/\/www.schaumannovka.cz\/eshop\/wp-json\/wp\/v2\/media\/66"}],"wp:attachment":[{"href":"https:\/\/www.schaumannovka.cz\/eshop\/wp-json\/wp\/v2\/media?parent=80"}],"curies":[{"name":"wp","href":"https:\/\/api.w.org\/{rel}","templated":true}]}}